{"id":93,"date":"2020-05-03T08:41:34","date_gmt":"2020-05-03T06:41:34","guid":{"rendered":"https:\/\/www.noyale-creations.com\/?page_id=93"},"modified":"2022-05-08T14:34:38","modified_gmt":"2022-05-08T12:34:38","slug":"qui-suis-je","status":"publish","type":"page","link":"https:\/\/www.noyale-creations.com\/index.php\/qui-suis-je\/","title":{"rendered":"Qui suis-je?"},"content":{"rendered":"\n<p><img loading=\"lazy\" decoding=\"async\" width=\"708\" height=\"951\" class=\"wp-image-881\" style=\"width: 150px;\" src=\"https:\/\/www.noyale-creations.com\/wp-content\/uploads\/2021\/03\/portrait_mj.jpg\" alt=\"\" srcset=\"https:\/\/www.noyale-creations.com\/wp-content\/uploads\/2021\/03\/portrait_mj.jpg 708w, https:\/\/www.noyale-creations.com\/wp-content\/uploads\/2021\/03\/portrait_mj-223x300.jpg 223w, https:\/\/www.noyale-creations.com\/wp-content\/uploads\/2021\/03\/portrait_mj-45x60.jpg 45w, https:\/\/www.noyale-creations.com\/wp-content\/uploads\/2021\/03\/portrait_mj-600x806.jpg 600w\" sizes=\"(max-width: 708px) 100vw, 708px\" \/><\/p>\n\n\n\n<p>Je suis Marie-Jeanne, la cr\u00e9atrice de Noyale-creations.<\/p>\n\n\n\n<p>Je suis une grande admiratrice de l\u2019artisanat fran\u00e7ais et une passionn\u00e9e des belles mati\u00e8res.<br>J\u2019ai d&rsquo;ailleurs travaill\u00e9 dans le domaine de la d\u00e9coration pendant plus de 15 ans.<\/p>\n\n\n\n<p>Depuis que je suis maman, je suis aussi tr\u00e8s sensible \u00e0 l\u2019environnement.<br>A la maison nous faisons tr\u00e8s attention \u00e0 n\u2019utiliser que des produits sains et respectueux de l\u2019environnement.<\/p>\n\n\n\n<p><a href=\"https:\/\/www.noyale-creations.com\/index.php\/blog\/\">Dans le blog<\/a>, je parle des efforts de notre foyer au quotidien pour avoir un mode de vie plus sain.<\/p>\n\n\n\n<p>En 2020, avec mon savoir-faire en design et en couture, j\u2019ai d\u00e9cid\u00e9 de cr\u00e9er mon entreprise d\u2019articles textiles utiles, jolis et durables pour toute la famille, la maison ou en vadrouille.<\/p>\n\n\n\n<p>Vous trouverez <a href=\"https:\/\/www.noyale-creations.com\/index.php\/boutique\/\">dans la boutique<\/a>, mes cr\u00e9ations que je confectionne seule dans mon atelier install\u00e9 dans la maison familiale.<\/p>\n\n\n\n<p>De petites s\u00e9ries, dans des mati\u00e8res naturelles, agr\u00e9ables \u00e0 utiliser quotidiennement et con\u00e7ues pour \u00eatre facilement r\u00e9parables ou recyclables.<\/p>\n\n\n\n<p>J\u2019esp\u00e8re que vous y trouverez ce qui vous est n\u00e9cessaire et aurez plaisir \u00e0 utiliser mes cr\u00e9ations.<\/p>\n\n\n\n<p style=\"font-size:26px\">Pourquoi le nom de Noyale?<\/p>\n\n\n\n<p>D\u00e9bordante d&rsquo;imagination depuis toute petite, j&rsquo;avais toujours une id\u00e9e de cr\u00e9ation en t\u00eate. <\/p>\n\n\n\n<p>Je trouvais dans la maison voisine de mes parents une aide pr\u00e9cieuse et complice : Noyale, ma grand-m\u00e8re.<\/p>\n\n\n\n<p>A la cr\u00e9ation de mon entreprise, je trouvais naturel de lui rendre hommage en la nommant de son pr\u00e9nom.<\/p>\n\n\n\n<p>Ainsi, j&rsquo;ai l&rsquo;impression qu&rsquo;elle est toujours \u00e0 mes c\u00f4t\u00e9s et qu&rsquo;elle me soutient avec patience et tendresse, en esp\u00e9rant qu&rsquo;elle soit fi\u00e8re de moi.<\/p>\n\n\n\n<div class=\"wp-block-image\"><figure class=\"aligncenter size-large is-resized\"><img loading=\"lazy\" decoding=\"async\" src=\"https:\/\/www.noyale-creations.com\/wp-content\/uploads\/2022\/05\/20220305_123933-1024x1024.jpg\" alt=\"\" class=\"wp-image-2114\" width=\"618\" height=\"618\" srcset=\"https:\/\/www.noyale-creations.com\/wp-content\/uploads\/2022\/05\/20220305_123933-1024x1024.jpg 1024w, https:\/\/www.noyale-creations.com\/wp-content\/uploads\/2022\/05\/20220305_123933-300x300.jpg 300w, https:\/\/www.noyale-creations.com\/wp-content\/uploads\/2022\/05\/20220305_123933-150x150.jpg 150w, https:\/\/www.noyale-creations.com\/wp-content\/uploads\/2022\/05\/20220305_123933-768x768.jpg 768w, https:\/\/www.noyale-creations.com\/wp-content\/uploads\/2022\/05\/20220305_123933-1536x1536.jpg 1536w, https:\/\/www.noyale-creations.com\/wp-content\/uploads\/2022\/05\/20220305_123933-2048x2048.jpg 2048w, https:\/\/www.noyale-creations.com\/wp-content\/uploads\/2022\/05\/20220305_123933-60x60.jpg 60w, https:\/\/www.noyale-creations.com\/wp-content\/uploads\/2022\/05\/20220305_123933-468x468.jpg 468w, https:\/\/www.noyale-creations.com\/wp-content\/uploads\/2022\/05\/20220305_123933-600x600.jpg 600w, https:\/\/www.noyale-creations.com\/wp-content\/uploads\/2022\/05\/20220305_123933-100x100.jpg 100w\" sizes=\"(max-width: 618px) 100vw, 618px\" \/><figcaption><em>ma grand-m\u00e8re<\/em> <em>Noyale<\/em> <em>et moi<\/em><\/figcaption><\/figure><\/div>\n","protected":false},"excerpt":{"rendered":"<p>Je suis Marie-Jeanne, la cr\u00e9atrice de Noyale-creations. Je suis une grande admiratrice de l\u2019artisanat fran\u00e7ais et une passionn\u00e9e des belles mati\u00e8res.J\u2019ai d&rsquo;ailleurs travaill\u00e9 dans le domaine de la d\u00e9coration pendant plus de 15 ans. Depuis que je suis maman, je suis aussi tr\u00e8s sensible \u00e0 l\u2019environnement.A la maison nous faisons tr\u00e8s attention \u00e0 n\u2019utiliser que &hellip; <\/p>\n","protected":false},"author":2,"featured_media":0,"parent":0,"menu_order":0,"comment_status":"closed","ping_status":"closed","template":"","meta":{"footnotes":""},"yoast_head":"<!-- This site is optimized with the Yoast SEO plugin v21.6 - https:\/\/yoast.com\/wordpress\/plugins\/seo\/ -->\n<title>Qui suis-je? - Noyale-Cr\u00e9ations : Cr\u00e9ations textiles utiles, jolies et durables pour toute la famille et la maison<\/title>\n<meta name=\"robots\" content=\"index, follow, max-snippet:-1, max-image-preview:large, max-video-preview:-1\" \/>\n<link rel=\"canonical\" href=\"https:\/\/www.noyale-creations.com\/index.php\/qui-suis-je\/\" \/>\n<meta property=\"og:locale\" content=\"fr_FR\" \/>\n<meta property=\"og:type\" content=\"article\" \/>\n<meta property=\"og:title\" content=\"Qui suis-je? - Noyale-Cr\u00e9ations : Cr\u00e9ations textiles utiles, jolies et durables pour toute la famille et la maison\" \/>\n<meta property=\"og:description\" content=\"Je suis Marie-Jeanne, la cr\u00e9atrice de Noyale-creations. Je suis une grande admiratrice de l\u2019artisanat fran\u00e7ais et une passionn\u00e9e des belles mati\u00e8res.J\u2019ai d&rsquo;ailleurs travaill\u00e9 dans le domaine de la d\u00e9coration pendant plus de 15 ans. Depuis que je suis maman, je suis aussi tr\u00e8s sensible \u00e0 l\u2019environnement.A la maison nous faisons tr\u00e8s attention \u00e0 n\u2019utiliser que &hellip;\" \/>\n<meta property=\"og:url\" content=\"https:\/\/www.noyale-creations.com\/index.php\/qui-suis-je\/\" \/>\n<meta property=\"og:site_name\" content=\"Noyale-Cr\u00e9ations : Cr\u00e9ations textiles utiles, jolies et durables pour toute la famille et la maison\" \/>\n<meta property=\"article:modified_time\" content=\"2022-05-08T12:34:38+00:00\" \/>\n<meta property=\"og:image\" content=\"https:\/\/www.noyale-creations.com\/wp-content\/uploads\/2021\/03\/portrait_mj.jpg\" \/>\n<meta name=\"twitter:card\" content=\"summary_large_image\" \/>\n<meta name=\"twitter:label1\" content=\"Dur\u00e9e de lecture estim\u00e9e\" \/>\n\t<meta name=\"twitter:data1\" content=\"2 minutes\" \/>\n<script type=\"application\/ld+json\" class=\"yoast-schema-graph\">{\"@context\":\"https:\/\/schema.org\",\"@graph\":[{\"@type\":\"WebPage\",\"@id\":\"https:\/\/www.noyale-creations.com\/index.php\/qui-suis-je\/\",\"url\":\"https:\/\/www.noyale-creations.com\/index.php\/qui-suis-je\/\",\"name\":\"Qui suis-je? - Noyale-Cr\u00e9ations : Cr\u00e9ations textiles utiles, jolies et durables pour toute la famille et la maison\",\"isPartOf\":{\"@id\":\"https:\/\/www.noyale-creations.com\/#website\"},\"datePublished\":\"2020-05-03T06:41:34+00:00\",\"dateModified\":\"2022-05-08T12:34:38+00:00\",\"breadcrumb\":{\"@id\":\"https:\/\/www.noyale-creations.com\/index.php\/qui-suis-je\/#breadcrumb\"},\"inLanguage\":\"fr-FR\",\"potentialAction\":[{\"@type\":\"ReadAction\",\"target\":[\"https:\/\/www.noyale-creations.com\/index.php\/qui-suis-je\/\"]}]},{\"@type\":\"BreadcrumbList\",\"@id\":\"https:\/\/www.noyale-creations.com\/index.php\/qui-suis-je\/#breadcrumb\",\"itemListElement\":[{\"@type\":\"ListItem\",\"position\":1,\"name\":\"Accueil\",\"item\":\"https:\/\/www.noyale-creations.com\/\"},{\"@type\":\"ListItem\",\"position\":2,\"name\":\"Qui suis-je?\"}]},{\"@type\":\"WebSite\",\"@id\":\"https:\/\/www.noyale-creations.com\/#website\",\"url\":\"https:\/\/www.noyale-creations.com\/\",\"name\":\"Noyale-Cr\u00e9ations : Cr\u00e9ations textiles utiles, jolies et durables pour toute la famille et la maison\",\"description\":\"Cr\u00e9ations textiles utiles, jolies et durables pour toute la famille et la maison.\",\"potentialAction\":[{\"@type\":\"SearchAction\",\"target\":{\"@type\":\"EntryPoint\",\"urlTemplate\":\"https:\/\/www.noyale-creations.com\/?s={search_term_string}\"},\"query-input\":\"required name=search_term_string\"}],\"inLanguage\":\"fr-FR\"}]}<\/script>\n<!-- \/ Yoast SEO plugin. -->","yoast_head_json":{"title":"Qui suis-je? - Noyale-Cr\u00e9ations : Cr\u00e9ations textiles utiles, jolies et durables pour toute la famille et la maison","robots":{"index":"index","follow":"follow","max-snippet":"max-snippet:-1","max-image-preview":"max-image-preview:large","max-video-preview":"max-video-preview:-1"},"canonical":"https:\/\/www.noyale-creations.com\/index.php\/qui-suis-je\/","og_locale":"fr_FR","og_type":"article","og_title":"Qui suis-je? - Noyale-Cr\u00e9ations : Cr\u00e9ations textiles utiles, jolies et durables pour toute la famille et la maison","og_description":"Je suis Marie-Jeanne, la cr\u00e9atrice de Noyale-creations. Je suis une grande admiratrice de l\u2019artisanat fran\u00e7ais et une passionn\u00e9e des belles mati\u00e8res.J\u2019ai d&rsquo;ailleurs travaill\u00e9 dans le domaine de la d\u00e9coration pendant plus de 15 ans. Depuis que je suis maman, je suis aussi tr\u00e8s sensible \u00e0 l\u2019environnement.A la maison nous faisons tr\u00e8s attention \u00e0 n\u2019utiliser que &hellip;","og_url":"https:\/\/www.noyale-creations.com\/index.php\/qui-suis-je\/","og_site_name":"Noyale-Cr\u00e9ations : Cr\u00e9ations textiles utiles, jolies et durables pour toute la famille et la maison","article_modified_time":"2022-05-08T12:34:38+00:00","og_image":[{"url":"https:\/\/www.noyale-creations.com\/wp-content\/uploads\/2021\/03\/portrait_mj.jpg"}],"twitter_card":"summary_large_image","twitter_misc":{"Dur\u00e9e de lecture estim\u00e9e":"2 minutes"},"schema":{"@context":"https:\/\/schema.org","@graph":[{"@type":"WebPage","@id":"https:\/\/www.noyale-creations.com\/index.php\/qui-suis-je\/","url":"https:\/\/www.noyale-creations.com\/index.php\/qui-suis-je\/","name":"Qui suis-je? - Noyale-Cr\u00e9ations : Cr\u00e9ations textiles utiles, jolies et durables pour toute la famille et la maison","isPartOf":{"@id":"https:\/\/www.noyale-creations.com\/#website"},"datePublished":"2020-05-03T06:41:34+00:00","dateModified":"2022-05-08T12:34:38+00:00","breadcrumb":{"@id":"https:\/\/www.noyale-creations.com\/index.php\/qui-suis-je\/#breadcrumb"},"inLanguage":"fr-FR","potentialAction":[{"@type":"ReadAction","target":["https:\/\/www.noyale-creations.com\/index.php\/qui-suis-je\/"]}]},{"@type":"BreadcrumbList","@id":"https:\/\/www.noyale-creations.com\/index.php\/qui-suis-je\/#breadcrumb","itemListElement":[{"@type":"ListItem","position":1,"name":"Accueil","item":"https:\/\/www.noyale-creations.com\/"},{"@type":"ListItem","position":2,"name":"Qui suis-je?"}]},{"@type":"WebSite","@id":"https:\/\/www.noyale-creations.com\/#website","url":"https:\/\/www.noyale-creations.com\/","name":"Noyale-Cr\u00e9ations : Cr\u00e9ations textiles utiles, jolies et durables pour toute la famille et la maison","description":"Cr\u00e9ations textiles utiles, jolies et durables pour toute la famille et la maison.","potentialAction":[{"@type":"SearchAction","target":{"@type":"EntryPoint","urlTemplate":"https:\/\/www.noyale-creations.com\/?s={search_term_string}"},"query-input":"required name=search_term_string"}],"inLanguage":"fr-FR"}]}},"jetpack_sharing_enabled":true,"_links":{"self":[{"href":"https:\/\/www.noyale-creations.com\/index.php\/wp-json\/wp\/v2\/pages\/93"}],"collection":[{"href":"https:\/\/www.noyale-creations.com\/index.php\/wp-json\/wp\/v2\/pages"}],"about":[{"href":"https:\/\/www.noyale-creations.com\/index.php\/wp-json\/wp\/v2\/types\/page"}],"author":[{"embeddable":true,"href":"https:\/\/www.noyale-creations.com\/index.php\/wp-json\/wp\/v2\/users\/2"}],"replies":[{"embeddable":true,"href":"https:\/\/www.noyale-creations.com\/index.php\/wp-json\/wp\/v2\/comments?post=93"}],"version-history":[{"count":12,"href":"https:\/\/www.noyale-creations.com\/index.php\/wp-json\/wp\/v2\/pages\/93\/revisions"}],"predecessor-version":[{"id":2117,"href":"https:\/\/www.noyale-creations.com\/index.php\/wp-json\/wp\/v2\/pages\/93\/revisions\/2117"}],"wp:attachment":[{"href":"https:\/\/www.noyale-creations.com\/index.php\/wp-json\/wp\/v2\/media?parent=93"}],"curies":[{"name":"wp","href":"https:\/\/api.w.org\/{rel}","templated":true}]}}