{"id":1171,"date":"2021-05-18T21:19:20","date_gmt":"2021-05-18T19:19:20","guid":{"rendered":"https:\/\/www.noyale-creations.com\/?post_type=product&#038;p=1171"},"modified":"2022-02-20T18:57:30","modified_gmt":"2022-02-20T17:57:30","slug":"trousse-de-toilette-fleuris-02","status":"publish","type":"product","link":"https:\/\/www.noyale-creations.com\/index.php\/produit\/trousse-de-toilette-fleuris-02\/","title":{"rendered":"Trousses de toilette (fleuris 02)"},"content":{"rendered":"<h5><a href=\"https:\/\/www.etsy.com\/fr\/listing\/1007564440\/trousse-de-toilette-fleuris-02\">Ajouter au panier<\/a><\/h5>\n<p>La trousse de toilette accueille les produits de la salle de bain que ce soit \u00e0 la maison ou en d\u00e9placement.<\/p>\n<p>Quand les bords sont retourn\u00e9s, c&rsquo;est un panier accueillant les flacons et autres produits. Les petites affaires ne se perdent pas et ont leur place dans l&rsquo;une des 4 poches plaqu\u00e9es sur le pourtour.<\/p>\n<p>En d\u00e9placement, plus de risque d&rsquo;oublier quelque chose : d\u00e9roulez les bords, resserrez le cordon et glissez la trousse directement dans la valise.<\/p>\n<p>Bien pratique avec sa large ouverture et sa forme cylindrique, les flacons tiennent bien debout, les uns contre les autres, sans perte de place et facilement accessibles !<\/p>\n<p>Mat\u00e9riaux :<br \/>\nTissu imprim\u00e9 : coton certifi\u00e9 Oekotex 100<br \/>\nTissu uni : percale de coton<br \/>\nCordon : coton<br \/>\nPerle en bois de h\u00eatre<br \/>\nLavable \u00e0 30\u00b0, pas de s\u00e8che-linge<br \/>\nDimensions de la trousse (d x h) :<br \/>\n15\/16 cm x 18 cm<\/p>\n<p>Fabriqu\u00e9 \u00e0 la main en France.<\/p>\n","protected":false},"excerpt":{"rendered":"<p>[video width=\"1280\" height=\"720\" mp4=\"https:\/\/www.noyale-creations.com\/wp-content\/uploads\/2021\/05\/trousse_toilette.mp4\"][\/video]<br \/>\nLa trousse de toilette accueille les produits de la salle de bain que ce soit \u00e0 la maison ou en d\u00e9placement.<\/p>\n<h5><a href=\"https:\/\/www.etsy.com\/fr\/listing\/1007564440\/trousse-de-toilette-fleuris-02\">Ajouter au panier<\/a><\/h5>\n","protected":false},"featured_media":1186,"comment_status":"closed","ping_status":"closed","template":"","meta":[],"product_cat":[51,218],"product_tag":[222,221,220,219],"yoast_head":"<!-- This site is optimized with the Yoast SEO plugin v21.6 - https:\/\/yoast.com\/wordpress\/plugins\/seo\/ -->\n<title>Trousses de toilette (fleuris 02) - Noyale-Cr\u00e9ations : Cr\u00e9ations textiles utiles, jolies et durables pour toute la famille et la maison<\/title>\n<meta name=\"robots\" content=\"index, follow, max-snippet:-1, max-image-preview:large, max-video-preview:-1\" \/>\n<link rel=\"canonical\" href=\"https:\/\/www.noyale-creations.com\/index.php\/produit\/trousse-de-toilette-fleuris-02\/\" \/>\n<meta property=\"og:locale\" content=\"fr_FR\" \/>\n<meta property=\"og:type\" content=\"article\" \/>\n<meta property=\"og:title\" content=\"Trousses de toilette (fleuris 02) - Noyale-Cr\u00e9ations : Cr\u00e9ations textiles utiles, jolies et durables pour toute la famille et la maison\" \/>\n<meta property=\"og:description\" content=\"La trousse de toilette accueille les produits de la salle de bain que ce soit \u00e0 la maison ou en d\u00e9placement. Ajouter au panier\" \/>\n<meta property=\"og:url\" content=\"https:\/\/www.noyale-creations.com\/index.php\/produit\/trousse-de-toilette-fleuris-02\/\" \/>\n<meta property=\"og:site_name\" content=\"Noyale-Cr\u00e9ations : Cr\u00e9ations textiles utiles, jolies et durables pour toute la famille et la maison\" \/>\n<meta property=\"article:modified_time\" content=\"2022-02-20T17:57:30+00:00\" \/>\n<meta property=\"og:image\" content=\"https:\/\/www.noyale-creations.com\/wp-content\/uploads\/2021\/05\/TT007_01.jpg\" \/>\n\t<meta property=\"og:image:width\" content=\"1600\" \/>\n\t<meta property=\"og:image:height\" content=\"1600\" \/>\n\t<meta property=\"og:image:type\" content=\"image\/jpeg\" \/>\n<meta name=\"twitter:card\" content=\"summary_large_image\" \/>\n<meta name=\"twitter:label1\" content=\"Dur\u00e9e de lecture estim\u00e9e\" \/>\n\t<meta name=\"twitter:data1\" content=\"1 minute\" \/>\n<script type=\"application\/ld+json\" class=\"yoast-schema-graph\">{\"@context\":\"https:\/\/schema.org\",\"@graph\":[{\"@type\":\"WebPage\",\"@id\":\"https:\/\/www.noyale-creations.com\/index.php\/produit\/trousse-de-toilette-fleuris-02\/\",\"url\":\"https:\/\/www.noyale-creations.com\/index.php\/produit\/trousse-de-toilette-fleuris-02\/\",\"name\":\"Trousses de toilette (fleuris 02) - Noyale-Cr\u00e9ations : Cr\u00e9ations textiles utiles, jolies et durables pour toute la famille et la maison\",\"isPartOf\":{\"@id\":\"https:\/\/www.noyale-creations.com\/#website\"},\"datePublished\":\"2021-05-18T19:19:20+00:00\",\"dateModified\":\"2022-02-20T17:57:30+00:00\",\"breadcrumb\":{\"@id\":\"https:\/\/www.noyale-creations.com\/index.php\/produit\/trousse-de-toilette-fleuris-02\/#breadcrumb\"},\"inLanguage\":\"fr-FR\",\"potentialAction\":[{\"@type\":\"ReadAction\",\"target\":[\"https:\/\/www.noyale-creations.com\/index.php\/produit\/trousse-de-toilette-fleuris-02\/\"]}]},{\"@type\":\"BreadcrumbList\",\"@id\":\"https:\/\/www.noyale-creations.com\/index.php\/produit\/trousse-de-toilette-fleuris-02\/#breadcrumb\",\"itemListElement\":[{\"@type\":\"ListItem\",\"position\":1,\"name\":\"Accueil\",\"item\":\"https:\/\/www.noyale-creations.com\/\"},{\"@type\":\"ListItem\",\"position\":2,\"name\":\"Boutique\",\"item\":\"https:\/\/www.noyale-creations.com\/index.php\/boutique\/\"},{\"@type\":\"ListItem\",\"position\":3,\"name\":\"Trousses de toilette (fleuris 02)\"}]},{\"@type\":\"WebSite\",\"@id\":\"https:\/\/www.noyale-creations.com\/#website\",\"url\":\"https:\/\/www.noyale-creations.com\/\",\"name\":\"Noyale-Cr\u00e9ations : Cr\u00e9ations textiles utiles, jolies et durables pour toute la famille et la maison\",\"description\":\"Cr\u00e9ations textiles utiles, jolies et durables pour toute la famille et la maison.\",\"potentialAction\":[{\"@type\":\"SearchAction\",\"target\":{\"@type\":\"EntryPoint\",\"urlTemplate\":\"https:\/\/www.noyale-creations.com\/?s={search_term_string}\"},\"query-input\":\"required name=search_term_string\"}],\"inLanguage\":\"fr-FR\"}]}<\/script>\n<!-- \/ Yoast SEO plugin. -->","yoast_head_json":{"title":"Trousses de toilette (fleuris 02) - Noyale-Cr\u00e9ations : Cr\u00e9ations textiles utiles, jolies et durables pour toute la famille et la maison","robots":{"index":"index","follow":"follow","max-snippet":"max-snippet:-1","max-image-preview":"max-image-preview:large","max-video-preview":"max-video-preview:-1"},"canonical":"https:\/\/www.noyale-creations.com\/index.php\/produit\/trousse-de-toilette-fleuris-02\/","og_locale":"fr_FR","og_type":"article","og_title":"Trousses de toilette (fleuris 02) - Noyale-Cr\u00e9ations : Cr\u00e9ations textiles utiles, jolies et durables pour toute la famille et la maison","og_description":"La trousse de toilette accueille les produits de la salle de bain que ce soit \u00e0 la maison ou en d\u00e9placement. Ajouter au panier","og_url":"https:\/\/www.noyale-creations.com\/index.php\/produit\/trousse-de-toilette-fleuris-02\/","og_site_name":"Noyale-Cr\u00e9ations : Cr\u00e9ations textiles utiles, jolies et durables pour toute la famille et la maison","article_modified_time":"2022-02-20T17:57:30+00:00","og_image":[{"width":1600,"height":1600,"url":"https:\/\/www.noyale-creations.com\/wp-content\/uploads\/2021\/05\/TT007_01.jpg","type":"image\/jpeg"}],"twitter_card":"summary_large_image","twitter_misc":{"Dur\u00e9e de lecture estim\u00e9e":"1 minute"},"schema":{"@context":"https:\/\/schema.org","@graph":[{"@type":"WebPage","@id":"https:\/\/www.noyale-creations.com\/index.php\/produit\/trousse-de-toilette-fleuris-02\/","url":"https:\/\/www.noyale-creations.com\/index.php\/produit\/trousse-de-toilette-fleuris-02\/","name":"Trousses de toilette (fleuris 02) - Noyale-Cr\u00e9ations : Cr\u00e9ations textiles utiles, jolies et durables pour toute la famille et la maison","isPartOf":{"@id":"https:\/\/www.noyale-creations.com\/#website"},"datePublished":"2021-05-18T19:19:20+00:00","dateModified":"2022-02-20T17:57:30+00:00","breadcrumb":{"@id":"https:\/\/www.noyale-creations.com\/index.php\/produit\/trousse-de-toilette-fleuris-02\/#breadcrumb"},"inLanguage":"fr-FR","potentialAction":[{"@type":"ReadAction","target":["https:\/\/www.noyale-creations.com\/index.php\/produit\/trousse-de-toilette-fleuris-02\/"]}]},{"@type":"BreadcrumbList","@id":"https:\/\/www.noyale-creations.com\/index.php\/produit\/trousse-de-toilette-fleuris-02\/#breadcrumb","itemListElement":[{"@type":"ListItem","position":1,"name":"Accueil","item":"https:\/\/www.noyale-creations.com\/"},{"@type":"ListItem","position":2,"name":"Boutique","item":"https:\/\/www.noyale-creations.com\/index.php\/boutique\/"},{"@type":"ListItem","position":3,"name":"Trousses de toilette (fleuris 02)"}]},{"@type":"WebSite","@id":"https:\/\/www.noyale-creations.com\/#website","url":"https:\/\/www.noyale-creations.com\/","name":"Noyale-Cr\u00e9ations : Cr\u00e9ations textiles utiles, jolies et durables pour toute la famille et la maison","description":"Cr\u00e9ations textiles utiles, jolies et durables pour toute la famille et la maison.","potentialAction":[{"@type":"SearchAction","target":{"@type":"EntryPoint","urlTemplate":"https:\/\/www.noyale-creations.com\/?s={search_term_string}"},"query-input":"required name=search_term_string"}],"inLanguage":"fr-FR"}]}},"jetpack_sharing_enabled":true,"_links":{"self":[{"href":"https:\/\/www.noyale-creations.com\/index.php\/wp-json\/wp\/v2\/product\/1171"}],"collection":[{"href":"https:\/\/www.noyale-creations.com\/index.php\/wp-json\/wp\/v2\/product"}],"about":[{"href":"https:\/\/www.noyale-creations.com\/index.php\/wp-json\/wp\/v2\/types\/product"}],"replies":[{"embeddable":true,"href":"https:\/\/www.noyale-creations.com\/index.php\/wp-json\/wp\/v2\/comments?post=1171"}],"wp:featuredmedia":[{"embeddable":true,"href":"https:\/\/www.noyale-creations.com\/index.php\/wp-json\/wp\/v2\/media\/1186"}],"wp:attachment":[{"href":"https:\/\/www.noyale-creations.com\/index.php\/wp-json\/wp\/v2\/media?parent=1171"}],"wp:term":[{"taxonomy":"product_cat","embeddable":true,"href":"https:\/\/www.noyale-creations.com\/index.php\/wp-json\/wp\/v2\/product_cat?post=1171"},{"taxonomy":"product_tag","embeddable":true,"href":"https:\/\/www.noyale-creations.com\/index.php\/wp-json\/wp\/v2\/product_tag?post=1171"}],"curies":[{"name":"wp","href":"https:\/\/api.w.org\/{rel}","templated":true}]}}