{"id":1309,"date":"2021-07-04T22:19:11","date_gmt":"2021-07-04T20:19:11","guid":{"rendered":"https:\/\/www.noyale-creations.com\/?post_type=product&#038;p=1309"},"modified":"2022-03-05T16:08:21","modified_gmt":"2022-03-05T15:08:21","slug":"etui-brosse-a-dents-et-serviette-fleuris-03","status":"publish","type":"product","link":"https:\/\/www.noyale-creations.com\/index.php\/produit\/etui-brosse-a-dents-et-serviette-fleuris-03\/","title":{"rendered":"Etuis brosse \u00e0 dents et serviette (fleuris 03)"},"content":{"rendered":"<h5><a href=\"https:\/\/www.etsy.com\/fr\/listing\/1032490366\/etui-brosse-a-dents-et-serviette-fleuris\">Ajouter au panier<\/a><\/h5>\n<p>Le fr\u00e8re jumeau de notre \u00e9tui \u00e0 couverts : m\u00eame forme et m\u00eames dimensions !<\/p>\n<p>L&rsquo;\u00e9tui brosse \u00e0 dents : bien pratique pour se brosser les dents \u00e0 l&rsquo;ext\u00e9rieur. Aussi bien le midi au bureau qu&rsquo;en d\u00e9placement. Une petite serviette l&rsquo;accompagne : essentiel pour se s\u00e9cher !<\/p>\n<p>Nous l&rsquo;avons pens\u00e9 pour qu&rsquo;il soit pratique et qu&rsquo;il s&rsquo;adapte \u00e0 vos besoins.<\/p>\n<p>Il peut bien s\u00fbr contenir votre brosse \u00e0 dents et votre dentifrice, mais aussi vos pailles en inox.<\/p>\n<p>C&rsquo;est d\u00e9sormais l&rsquo;indispensable \u00e0 avoir avec soi dans son sac \u00e0 main \u00e0 chaque sortie ou en accompagnement de notre <a href=\"https:\/\/www.noyale-creations.com\/index.php\/produit\/trousse-de-toilette-fleuris-02\/\">trousse de toilette<\/a>.<\/p>\n<p>Pour le fermer il suffit de le rouler sur lui-m\u00eame et de le maintenir ainsi gr\u00e2ce au petit cordon.<\/p>\n<p>L&rsquo;int\u00e9rieur est en double gaze de coton, tr\u00e8s douce et absorbante.<\/p>\n<p>Retrouvez \u00e9galement le coloris imprim\u00e9 d\u00e9clin\u00e9 en <a href=\"https:\/\/www.noyale-creations.com\/index.php\/produit\/etuis-a-savon-fleuris-03\/\">\u00e9tui \u00e0 savon<\/a> et en <a href=\"https:\/\/www.noyale-creations.com\/index.php\/produit\/bourse-et-carres-demaquillants-lavables-fleuris-03\/\">bourse carr\u00e9s d\u00e9maquillants<\/a><\/p>\n<p>Mat\u00e9riaux :<br \/>\next\u00e9rieur : coton  imprim\u00e9 certifi\u00e9 Oekotex 100<br \/>\nint\u00e9rieur : double gaze de coton<br \/>\nserviette : double gaze de coton<br \/>\ncordon en coton<br \/>\nperle en bois de h\u00eatre<\/p>\n<p>Dimensions : longueur 24 cm \/ hauteur 21cm<br \/>\nhauteur 5\/6 cm une fois ferm\u00e9e<br \/>\ncordon 30 cm environ<br \/>\nserviette : 25 cm \/25 cm (environ)<\/p>\n<p>lavable \u00e0 30\u00b0C. Pas de s\u00e8che-linge.<\/p>\n<p>Fabriqu\u00e9 en France.<\/p>\n","protected":false},"excerpt":{"rendered":"<p>L&rsquo;\u00e9tui brosse \u00e0 dents : bien pratique pour se brosser les dents \u00e0 l&rsquo;ext\u00e9rieur. Aussi bien le midi au bureau qu&rsquo;en d\u00e9placement.<\/p>\n<h5><a href=\"https:\/\/www.etsy.com\/fr\/listing\/1032490366\/etui-brosse-a-dents-et-serviette-fleuris\">Ajouter au panier<\/a><\/h5>\n","protected":false},"featured_media":1311,"comment_status":"closed","ping_status":"closed","template":"","meta":[],"product_cat":[230,59,51],"product_tag":[68,71,69,72],"yoast_head":"<!-- This site is optimized with the Yoast SEO plugin v21.6 - https:\/\/yoast.com\/wordpress\/plugins\/seo\/ -->\n<title>Etuis brosse \u00e0 dents et serviette (fleuris 03) - Noyale-Cr\u00e9ations : Cr\u00e9ations textiles utiles, jolies et durables pour toute la famille et la maison<\/title>\n<meta name=\"robots\" content=\"index, follow, max-snippet:-1, max-image-preview:large, max-video-preview:-1\" \/>\n<link rel=\"canonical\" href=\"https:\/\/www.noyale-creations.com\/index.php\/produit\/etui-brosse-a-dents-et-serviette-fleuris-03\/\" \/>\n<meta property=\"og:locale\" content=\"fr_FR\" \/>\n<meta property=\"og:type\" content=\"article\" \/>\n<meta property=\"og:title\" content=\"Etuis brosse \u00e0 dents et serviette (fleuris 03) - Noyale-Cr\u00e9ations : Cr\u00e9ations textiles utiles, jolies et durables pour toute la famille et la maison\" \/>\n<meta property=\"og:description\" content=\"L&#039;\u00e9tui brosse \u00e0 dents : bien pratique pour se brosser les dents \u00e0 l&#039;ext\u00e9rieur. Aussi bien le midi au bureau qu&#039;en d\u00e9placement. Ajouter au panier\" \/>\n<meta property=\"og:url\" content=\"https:\/\/www.noyale-creations.com\/index.php\/produit\/etui-brosse-a-dents-et-serviette-fleuris-03\/\" \/>\n<meta property=\"og:site_name\" content=\"Noyale-Cr\u00e9ations : Cr\u00e9ations textiles utiles, jolies et durables pour toute la famille et la maison\" \/>\n<meta property=\"article:modified_time\" content=\"2022-03-05T15:08:21+00:00\" \/>\n<meta property=\"og:image\" content=\"https:\/\/www.noyale-creations.com\/wp-content\/uploads\/2021\/07\/EBD009_01.jpg\" \/>\n\t<meta property=\"og:image:width\" content=\"1600\" \/>\n\t<meta property=\"og:image:height\" content=\"1600\" \/>\n\t<meta property=\"og:image:type\" content=\"image\/jpeg\" \/>\n<meta name=\"twitter:card\" content=\"summary_large_image\" \/>\n<meta name=\"twitter:label1\" content=\"Dur\u00e9e de lecture estim\u00e9e\" \/>\n\t<meta name=\"twitter:data1\" content=\"1 minute\" \/>\n<script type=\"application\/ld+json\" class=\"yoast-schema-graph\">{\"@context\":\"https:\/\/schema.org\",\"@graph\":[{\"@type\":\"WebPage\",\"@id\":\"https:\/\/www.noyale-creations.com\/index.php\/produit\/etui-brosse-a-dents-et-serviette-fleuris-03\/\",\"url\":\"https:\/\/www.noyale-creations.com\/index.php\/produit\/etui-brosse-a-dents-et-serviette-fleuris-03\/\",\"name\":\"Etuis brosse \u00e0 dents et serviette (fleuris 03) - Noyale-Cr\u00e9ations : Cr\u00e9ations textiles utiles, jolies et durables pour toute la famille et la maison\",\"isPartOf\":{\"@id\":\"https:\/\/www.noyale-creations.com\/#website\"},\"datePublished\":\"2021-07-04T20:19:11+00:00\",\"dateModified\":\"2022-03-05T15:08:21+00:00\",\"breadcrumb\":{\"@id\":\"https:\/\/www.noyale-creations.com\/index.php\/produit\/etui-brosse-a-dents-et-serviette-fleuris-03\/#breadcrumb\"},\"inLanguage\":\"fr-FR\",\"potentialAction\":[{\"@type\":\"ReadAction\",\"target\":[\"https:\/\/www.noyale-creations.com\/index.php\/produit\/etui-brosse-a-dents-et-serviette-fleuris-03\/\"]}]},{\"@type\":\"BreadcrumbList\",\"@id\":\"https:\/\/www.noyale-creations.com\/index.php\/produit\/etui-brosse-a-dents-et-serviette-fleuris-03\/#breadcrumb\",\"itemListElement\":[{\"@type\":\"ListItem\",\"position\":1,\"name\":\"Accueil\",\"item\":\"https:\/\/www.noyale-creations.com\/\"},{\"@type\":\"ListItem\",\"position\":2,\"name\":\"Boutique\",\"item\":\"https:\/\/www.noyale-creations.com\/index.php\/boutique\/\"},{\"@type\":\"ListItem\",\"position\":3,\"name\":\"Etuis brosse \u00e0 dents et serviette (fleuris 03)\"}]},{\"@type\":\"WebSite\",\"@id\":\"https:\/\/www.noyale-creations.com\/#website\",\"url\":\"https:\/\/www.noyale-creations.com\/\",\"name\":\"Noyale-Cr\u00e9ations : Cr\u00e9ations textiles utiles, jolies et durables pour toute la famille et la maison\",\"description\":\"Cr\u00e9ations textiles utiles, jolies et durables pour toute la famille et la maison.\",\"potentialAction\":[{\"@type\":\"SearchAction\",\"target\":{\"@type\":\"EntryPoint\",\"urlTemplate\":\"https:\/\/www.noyale-creations.com\/?s={search_term_string}\"},\"query-input\":\"required name=search_term_string\"}],\"inLanguage\":\"fr-FR\"}]}<\/script>\n<!-- \/ Yoast SEO plugin. -->","yoast_head_json":{"title":"Etuis brosse \u00e0 dents et serviette (fleuris 03) - Noyale-Cr\u00e9ations : Cr\u00e9ations textiles utiles, jolies et durables pour toute la famille et la maison","robots":{"index":"index","follow":"follow","max-snippet":"max-snippet:-1","max-image-preview":"max-image-preview:large","max-video-preview":"max-video-preview:-1"},"canonical":"https:\/\/www.noyale-creations.com\/index.php\/produit\/etui-brosse-a-dents-et-serviette-fleuris-03\/","og_locale":"fr_FR","og_type":"article","og_title":"Etuis brosse \u00e0 dents et serviette (fleuris 03) - Noyale-Cr\u00e9ations : Cr\u00e9ations textiles utiles, jolies et durables pour toute la famille et la maison","og_description":"L'\u00e9tui brosse \u00e0 dents : bien pratique pour se brosser les dents \u00e0 l'ext\u00e9rieur. Aussi bien le midi au bureau qu'en d\u00e9placement. Ajouter au panier","og_url":"https:\/\/www.noyale-creations.com\/index.php\/produit\/etui-brosse-a-dents-et-serviette-fleuris-03\/","og_site_name":"Noyale-Cr\u00e9ations : Cr\u00e9ations textiles utiles, jolies et durables pour toute la famille et la maison","article_modified_time":"2022-03-05T15:08:21+00:00","og_image":[{"width":1600,"height":1600,"url":"https:\/\/www.noyale-creations.com\/wp-content\/uploads\/2021\/07\/EBD009_01.jpg","type":"image\/jpeg"}],"twitter_card":"summary_large_image","twitter_misc":{"Dur\u00e9e de lecture estim\u00e9e":"1 minute"},"schema":{"@context":"https:\/\/schema.org","@graph":[{"@type":"WebPage","@id":"https:\/\/www.noyale-creations.com\/index.php\/produit\/etui-brosse-a-dents-et-serviette-fleuris-03\/","url":"https:\/\/www.noyale-creations.com\/index.php\/produit\/etui-brosse-a-dents-et-serviette-fleuris-03\/","name":"Etuis brosse \u00e0 dents et serviette (fleuris 03) - Noyale-Cr\u00e9ations : Cr\u00e9ations textiles utiles, jolies et durables pour toute la famille et la maison","isPartOf":{"@id":"https:\/\/www.noyale-creations.com\/#website"},"datePublished":"2021-07-04T20:19:11+00:00","dateModified":"2022-03-05T15:08:21+00:00","breadcrumb":{"@id":"https:\/\/www.noyale-creations.com\/index.php\/produit\/etui-brosse-a-dents-et-serviette-fleuris-03\/#breadcrumb"},"inLanguage":"fr-FR","potentialAction":[{"@type":"ReadAction","target":["https:\/\/www.noyale-creations.com\/index.php\/produit\/etui-brosse-a-dents-et-serviette-fleuris-03\/"]}]},{"@type":"BreadcrumbList","@id":"https:\/\/www.noyale-creations.com\/index.php\/produit\/etui-brosse-a-dents-et-serviette-fleuris-03\/#breadcrumb","itemListElement":[{"@type":"ListItem","position":1,"name":"Accueil","item":"https:\/\/www.noyale-creations.com\/"},{"@type":"ListItem","position":2,"name":"Boutique","item":"https:\/\/www.noyale-creations.com\/index.php\/boutique\/"},{"@type":"ListItem","position":3,"name":"Etuis brosse \u00e0 dents et serviette (fleuris 03)"}]},{"@type":"WebSite","@id":"https:\/\/www.noyale-creations.com\/#website","url":"https:\/\/www.noyale-creations.com\/","name":"Noyale-Cr\u00e9ations : Cr\u00e9ations textiles utiles, jolies et durables pour toute la famille et la maison","description":"Cr\u00e9ations textiles utiles, jolies et durables pour toute la famille et la maison.","potentialAction":[{"@type":"SearchAction","target":{"@type":"EntryPoint","urlTemplate":"https:\/\/www.noyale-creations.com\/?s={search_term_string}"},"query-input":"required name=search_term_string"}],"inLanguage":"fr-FR"}]}},"jetpack_sharing_enabled":true,"_links":{"self":[{"href":"https:\/\/www.noyale-creations.com\/index.php\/wp-json\/wp\/v2\/product\/1309"}],"collection":[{"href":"https:\/\/www.noyale-creations.com\/index.php\/wp-json\/wp\/v2\/product"}],"about":[{"href":"https:\/\/www.noyale-creations.com\/index.php\/wp-json\/wp\/v2\/types\/product"}],"replies":[{"embeddable":true,"href":"https:\/\/www.noyale-creations.com\/index.php\/wp-json\/wp\/v2\/comments?post=1309"}],"wp:featuredmedia":[{"embeddable":true,"href":"https:\/\/www.noyale-creations.com\/index.php\/wp-json\/wp\/v2\/media\/1311"}],"wp:attachment":[{"href":"https:\/\/www.noyale-creations.com\/index.php\/wp-json\/wp\/v2\/media?parent=1309"}],"wp:term":[{"taxonomy":"product_cat","embeddable":true,"href":"https:\/\/www.noyale-creations.com\/index.php\/wp-json\/wp\/v2\/product_cat?post=1309"},{"taxonomy":"product_tag","embeddable":true,"href":"https:\/\/www.noyale-creations.com\/index.php\/wp-json\/wp\/v2\/product_tag?post=1309"}],"curies":[{"name":"wp","href":"https:\/\/api.w.org\/{rel}","templated":true}]}}