{"id":306,"date":"2020-07-14T19:49:12","date_gmt":"2020-07-14T17:49:12","guid":{"rendered":"https:\/\/www.noyale-creations.com\/?post_type=product&#038;p=306"},"modified":"2022-03-04T22:11:50","modified_gmt":"2022-03-04T21:11:50","slug":"filet-de-lavage","status":"publish","type":"product","link":"https:\/\/www.noyale-creations.com\/index.php\/produit\/filet-de-lavage\/","title":{"rendered":"Filet de lavage"},"content":{"rendered":"<h5><a href=\"https:\/\/www.etsy.com\/fr\/listing\/886970091\/filet-de-lavage?ref=shop_home_active_1\">Ajouter au panier<\/a><\/h5>\n<p>Pour compl\u00e9ter l&rsquo;usage de vos carr\u00e9s d\u00e9maquillants ou lingettes b\u00e9b\u00e9, ce filet de lavage est indispensable pour les entretenir sans les perdre ni les ab\u00eemer dans la machine \u00e0 laver.<br \/>\nLa base est en Pul, un tissu imperm\u00e9able et respirant pour stocker les lingettes juste utilis\u00e9es et encore humides en attendant leur lavage.<\/p>\n<p>Astuce : retrouvez-le en compl\u00e9ment de la bourse et de ses lingettes.<\/p>\n<p>Dimensions : H. 22cm env. et l. 17cm env.<br \/>\nbase 12cm de diam.<\/p>\n<p>Mat\u00e9riaux : tissu filet 100% coton<br \/>\n                     base en Pul<br \/>\n                     cordon en coton<\/p>\n<p>Fabriqu\u00e9  \u00e0 la main en France.<\/p>\n","protected":false},"excerpt":{"rendered":"<p>Id\u00e9al pour l&rsquo;entretien de vos carr\u00e9s d\u00e9maquillants et vos lingettes b\u00e9b\u00e9<\/p>\n<h5><a href=\"https:\/\/www.etsy.com\/fr\/listing\/886970091\/filet-de-lavage?ref=shop_home_active_1\">Ajouter au panier<\/a><\/h5>\n<p>Astuce : retrouvez-le en compl\u00e9ment de la <a href=\"https:\/\/www.noyale-creations.com\/index.php\/etiquette-produit\/kit-carres-demaquillants-lavables\/\">bourse<\/a> et de ses <a href=\"https:\/\/www.noyale-creations.com\/index.php\/produit\/recharge-8-carres-demaquillants-lavables\/\">lingettes<\/a> \u00e0 un tarif pr\u00e9f\u00e9rentiel<\/p>\n","protected":false},"featured_media":1478,"comment_status":"closed","ping_status":"closed","template":"","meta":[],"product_cat":[53,52,51],"product_tag":[75,74,73],"yoast_head":"<!-- This site is optimized with the Yoast SEO plugin v21.6 - https:\/\/yoast.com\/wordpress\/plugins\/seo\/ -->\n<title>Filet de lavage - Noyale-Cr\u00e9ations : Cr\u00e9ations textiles utiles, jolies et durables pour toute la famille et la maison<\/title>\n<meta name=\"robots\" content=\"index, follow, max-snippet:-1, max-image-preview:large, max-video-preview:-1\" \/>\n<link rel=\"canonical\" href=\"https:\/\/www.noyale-creations.com\/index.php\/produit\/filet-de-lavage\/\" \/>\n<meta property=\"og:locale\" content=\"fr_FR\" \/>\n<meta property=\"og:type\" content=\"article\" \/>\n<meta property=\"og:title\" content=\"Filet de lavage - Noyale-Cr\u00e9ations : Cr\u00e9ations textiles utiles, jolies et durables pour toute la famille et la maison\" \/>\n<meta property=\"og:description\" content=\"Id\u00e9al pour l&#039;entretien de vos carr\u00e9s d\u00e9maquillants et vos lingettes b\u00e9b\u00e9 Ajouter au panier Astuce : retrouvez-le en compl\u00e9ment de la bourse et de ses lingettes \u00e0 un tarif pr\u00e9f\u00e9rentiel\" \/>\n<meta property=\"og:url\" content=\"https:\/\/www.noyale-creations.com\/index.php\/produit\/filet-de-lavage\/\" \/>\n<meta property=\"og:site_name\" content=\"Noyale-Cr\u00e9ations : Cr\u00e9ations textiles utiles, jolies et durables pour toute la famille et la maison\" \/>\n<meta property=\"article:modified_time\" content=\"2022-03-04T21:11:50+00:00\" \/>\n<meta property=\"og:image\" content=\"https:\/\/www.noyale-creations.com\/wp-content\/uploads\/2022\/03\/FL002_03.jpg\" \/>\n\t<meta property=\"og:image:width\" content=\"1600\" \/>\n\t<meta property=\"og:image:height\" content=\"1600\" \/>\n\t<meta property=\"og:image:type\" content=\"image\/jpeg\" \/>\n<meta name=\"twitter:card\" content=\"summary_large_image\" \/>\n<meta name=\"twitter:label1\" content=\"Dur\u00e9e de lecture estim\u00e9e\" \/>\n\t<meta name=\"twitter:data1\" content=\"1 minute\" \/>\n<script type=\"application\/ld+json\" class=\"yoast-schema-graph\">{\"@context\":\"https:\/\/schema.org\",\"@graph\":[{\"@type\":\"WebPage\",\"@id\":\"https:\/\/www.noyale-creations.com\/index.php\/produit\/filet-de-lavage\/\",\"url\":\"https:\/\/www.noyale-creations.com\/index.php\/produit\/filet-de-lavage\/\",\"name\":\"Filet de lavage - Noyale-Cr\u00e9ations : Cr\u00e9ations textiles utiles, jolies et durables pour toute la famille et la maison\",\"isPartOf\":{\"@id\":\"https:\/\/www.noyale-creations.com\/#website\"},\"datePublished\":\"2020-07-14T17:49:12+00:00\",\"dateModified\":\"2022-03-04T21:11:50+00:00\",\"breadcrumb\":{\"@id\":\"https:\/\/www.noyale-creations.com\/index.php\/produit\/filet-de-lavage\/#breadcrumb\"},\"inLanguage\":\"fr-FR\",\"potentialAction\":[{\"@type\":\"ReadAction\",\"target\":[\"https:\/\/www.noyale-creations.com\/index.php\/produit\/filet-de-lavage\/\"]}]},{\"@type\":\"BreadcrumbList\",\"@id\":\"https:\/\/www.noyale-creations.com\/index.php\/produit\/filet-de-lavage\/#breadcrumb\",\"itemListElement\":[{\"@type\":\"ListItem\",\"position\":1,\"name\":\"Accueil\",\"item\":\"https:\/\/www.noyale-creations.com\/\"},{\"@type\":\"ListItem\",\"position\":2,\"name\":\"Boutique\",\"item\":\"https:\/\/www.noyale-creations.com\/index.php\/boutique\/\"},{\"@type\":\"ListItem\",\"position\":3,\"name\":\"Filet de lavage\"}]},{\"@type\":\"WebSite\",\"@id\":\"https:\/\/www.noyale-creations.com\/#website\",\"url\":\"https:\/\/www.noyale-creations.com\/\",\"name\":\"Noyale-Cr\u00e9ations : Cr\u00e9ations textiles utiles, jolies et durables pour toute la famille et la maison\",\"description\":\"Cr\u00e9ations textiles utiles, jolies et durables pour toute la famille et la maison.\",\"potentialAction\":[{\"@type\":\"SearchAction\",\"target\":{\"@type\":\"EntryPoint\",\"urlTemplate\":\"https:\/\/www.noyale-creations.com\/?s={search_term_string}\"},\"query-input\":\"required name=search_term_string\"}],\"inLanguage\":\"fr-FR\"}]}<\/script>\n<!-- \/ Yoast SEO plugin. -->","yoast_head_json":{"title":"Filet de lavage - Noyale-Cr\u00e9ations : Cr\u00e9ations textiles utiles, jolies et durables pour toute la famille et la maison","robots":{"index":"index","follow":"follow","max-snippet":"max-snippet:-1","max-image-preview":"max-image-preview:large","max-video-preview":"max-video-preview:-1"},"canonical":"https:\/\/www.noyale-creations.com\/index.php\/produit\/filet-de-lavage\/","og_locale":"fr_FR","og_type":"article","og_title":"Filet de lavage - Noyale-Cr\u00e9ations : Cr\u00e9ations textiles utiles, jolies et durables pour toute la famille et la maison","og_description":"Id\u00e9al pour l'entretien de vos carr\u00e9s d\u00e9maquillants et vos lingettes b\u00e9b\u00e9 Ajouter au panier Astuce : retrouvez-le en compl\u00e9ment de la bourse et de ses lingettes \u00e0 un tarif pr\u00e9f\u00e9rentiel","og_url":"https:\/\/www.noyale-creations.com\/index.php\/produit\/filet-de-lavage\/","og_site_name":"Noyale-Cr\u00e9ations : Cr\u00e9ations textiles utiles, jolies et durables pour toute la famille et la maison","article_modified_time":"2022-03-04T21:11:50+00:00","og_image":[{"width":1600,"height":1600,"url":"https:\/\/www.noyale-creations.com\/wp-content\/uploads\/2022\/03\/FL002_03.jpg","type":"image\/jpeg"}],"twitter_card":"summary_large_image","twitter_misc":{"Dur\u00e9e de lecture estim\u00e9e":"1 minute"},"schema":{"@context":"https:\/\/schema.org","@graph":[{"@type":"WebPage","@id":"https:\/\/www.noyale-creations.com\/index.php\/produit\/filet-de-lavage\/","url":"https:\/\/www.noyale-creations.com\/index.php\/produit\/filet-de-lavage\/","name":"Filet de lavage - Noyale-Cr\u00e9ations : Cr\u00e9ations textiles utiles, jolies et durables pour toute la famille et la maison","isPartOf":{"@id":"https:\/\/www.noyale-creations.com\/#website"},"datePublished":"2020-07-14T17:49:12+00:00","dateModified":"2022-03-04T21:11:50+00:00","breadcrumb":{"@id":"https:\/\/www.noyale-creations.com\/index.php\/produit\/filet-de-lavage\/#breadcrumb"},"inLanguage":"fr-FR","potentialAction":[{"@type":"ReadAction","target":["https:\/\/www.noyale-creations.com\/index.php\/produit\/filet-de-lavage\/"]}]},{"@type":"BreadcrumbList","@id":"https:\/\/www.noyale-creations.com\/index.php\/produit\/filet-de-lavage\/#breadcrumb","itemListElement":[{"@type":"ListItem","position":1,"name":"Accueil","item":"https:\/\/www.noyale-creations.com\/"},{"@type":"ListItem","position":2,"name":"Boutique","item":"https:\/\/www.noyale-creations.com\/index.php\/boutique\/"},{"@type":"ListItem","position":3,"name":"Filet de lavage"}]},{"@type":"WebSite","@id":"https:\/\/www.noyale-creations.com\/#website","url":"https:\/\/www.noyale-creations.com\/","name":"Noyale-Cr\u00e9ations : Cr\u00e9ations textiles utiles, jolies et durables pour toute la famille et la maison","description":"Cr\u00e9ations textiles utiles, jolies et durables pour toute la famille et la maison.","potentialAction":[{"@type":"SearchAction","target":{"@type":"EntryPoint","urlTemplate":"https:\/\/www.noyale-creations.com\/?s={search_term_string}"},"query-input":"required name=search_term_string"}],"inLanguage":"fr-FR"}]}},"jetpack_sharing_enabled":true,"_links":{"self":[{"href":"https:\/\/www.noyale-creations.com\/index.php\/wp-json\/wp\/v2\/product\/306"}],"collection":[{"href":"https:\/\/www.noyale-creations.com\/index.php\/wp-json\/wp\/v2\/product"}],"about":[{"href":"https:\/\/www.noyale-creations.com\/index.php\/wp-json\/wp\/v2\/types\/product"}],"replies":[{"embeddable":true,"href":"https:\/\/www.noyale-creations.com\/index.php\/wp-json\/wp\/v2\/comments?post=306"}],"wp:featuredmedia":[{"embeddable":true,"href":"https:\/\/www.noyale-creations.com\/index.php\/wp-json\/wp\/v2\/media\/1478"}],"wp:attachment":[{"href":"https:\/\/www.noyale-creations.com\/index.php\/wp-json\/wp\/v2\/media?parent=306"}],"wp:term":[{"taxonomy":"product_cat","embeddable":true,"href":"https:\/\/www.noyale-creations.com\/index.php\/wp-json\/wp\/v2\/product_cat?post=306"},{"taxonomy":"product_tag","embeddable":true,"href":"https:\/\/www.noyale-creations.com\/index.php\/wp-json\/wp\/v2\/product_tag?post=306"}],"curies":[{"name":"wp","href":"https:\/\/api.w.org\/{rel}","templated":true}]}}